rs of n.
19
List the prime factors of 264/60 - (36/15 + -2).
2
Let m = -108 - -324. What are the prime factors of m?
2, 3
Let d(l) = -14*l**2 - 7*l - 14. Let w be d(-5). Let a = -190 - w. What are the prime factors of a?
139
Let z(r) = 33*r + 195. List the prime factors of z(32).
3, 139
Let c(x) = -4*x - 20. Let f be c(-13). List the prime factors of (-1 - 4) + (f - -155).
2, 7, 13
Let c(w) = 0*w - 3 - 1 - 3 - 2*w. Let z be c(-6). What are the prime factors of (-14)/(z/(-3) + 1)?
3, 7
Suppose -29*x = -42*x + 4589. List the prime factors of x.
353
Suppose -n + 4*n + 18 = 0. Let i be 660/33 + 3/((-3)/4). Let v = i + n. What are the prime factors of v?
2, 5
Let x = -604 - -972. List the prime factors of x.
2, 23
Let s(u) = u**2 + 2*u - 11. Let n be s(-5). Suppose -n*w + 8 = 0, 2*v = 2*w + 32 + 132. List the prime factors of v.
2, 3, 7
Let z(j) = 8*j**3 - 9*j**2 + 7*j - 39. List the prime factors of z(4).
3, 7, 17
Suppose -3 = -5*v + 17. Suppose x + 2*q - 196 = -54, -3*x + v*q = -416. What are the prime factors of x?
2, 5, 7
Suppose 4*u - 3*u + 5*b = 16, b + 4 = u. What are the prime factors of (0 + u)*(-168)/(-16)?
3, 7
Suppose -10*t - 10 = -15*t. Suppose 0 = -0*b - t*b + 44. Suppose -y + b = y. List the prime factors of y.
11
Let i = -9 - 5. Let s be (-354)/(-4) - (-7)/i. Suppose -n + 2 = 0, -3*v + n + s = -0*n. What are the prime factors of v?
2, 3, 5
Let s(o) = -o**2 - 17*o + 10. Let h be s(-14). Suppose g - 143 + h = -3*w, -3*g - 5*w = -277. List the prime factors of g.
2, 47
Let o(q) = -31*q**3 - 11*q**2 - 13*q - 1. List the prime factors of o(-4).
11, 13
Suppose -2*h + 2760 = 2*r, 7*h - 9*h = -5*r - 2732. List the prime factors of h.
2, 43
What are the prime factors of 946/10*15/3?
11, 43
Suppose -g = 4*g - 20. Suppose -4*j = -8 - g. Suppose j*l - 26 = 2*l. What are the prime factors of l?
2, 13
Suppose -3*r + 743 = -3*k - 34, 510 = 2*r - 4*k. List the prime factors of r.
263
Let d be 39/3 + (19 - 3)/(-4). Let y = d - -98. What are the prime factors of y?
107
Suppose 0 = 69*h - 26401 - 49154. List the prime factors of h.
3, 5, 73
Suppose 2*y + 3*y + 10 = 0. Let w be -2 - (y - -6)*-9. List the prime factors of 0 - 1*(-2 - w).
2, 3
Let n(x) = -66*x**2 + 2*x. Let u be n(2). Let r be (-2)/3 - u/39. Let o(t) = 3*t + 2. List the prime factors of o(r).
2, 5
What are the prime factors of (-3 + 1 + -1)*(-4135)/15?
827
Suppose 5*k - 5 = 4*k. Let z(c) be the third derivative of c**6/120 - c**5/15 - c**4/12 - c**3/6 + c**2 - 8*c. List the prime factors of z(k).
2, 7
Let h(k) = 7 - 11*k - 2*k - 24. List the prime factors of h(-6).
61
Suppose 8*f - 9*f = 41. Let n = -18 - f. List the prime factors of n + -3 + 0 + 4.
2, 3
Let z(l) = l**2 + 6*l - 6. Let v be z(-7). What are the prime factors of (-2 - 1 - -40)/v?
37
Suppose 2*j - 3*p + 638 = 3*j, -j - 2*p = -633. What are the prime factors of j?
7, 89
Let j(x) = 113*x + 559. List the prime factors of j(9).
2, 197
Let g(t) = 3*t**2 - 29*t - 15. Let b be g(13). Suppose 120*n = b*n + 1190. What are the prime factors of n?
2, 7, 17
Let m be 606/(-3)*6/6. Let w = -125 - m. What are the prime factors of w?
7, 11
Let k be 7/(-28) + (-3130)/(-8). Let p = -226 + k. List the prime factors of p.
3, 5, 11
Suppose 0 = -5*i + 5*z + 720, -2*i - 2*z - z + 273 = 0. Let q = -70 + i. List the prime factors of q.
71
Suppose 55*k + 8190 = 65*k. What are the prime factors of k?
3, 7, 13
Let z(a) = 12*a**3 - 4*a**2 + 4*a - 3. Let m be z(2). Suppose -2*p = 3*p + 4*l - m, p - 3*l = 36. What are the prime factors of p?
3, 7
Let h(p) = -16*p**3 - p**2 + 3*p - 3. Let j be h(2). What are the prime factors of (-1)/(-2) - j/6?
2, 11
Let q = 377 + 1034. List the prime factors of q.
17, 83
Let z be -9 + 5 - (1 + -34). Suppose 3*x - 2*w - 225 = -z, -2*x = -5*w - 149. What are the prime factors of x?
2, 31
Suppose 0 = t - 3*t - 2*p + 4, 4*t + p - 2 = 0. Suppose -4*g + s = -t*g - 94, -2*s + 4 = 0. List the prime factors of g.
2, 3
Let v = 5349 - 2553. List the prime factors of v.
2, 3, 233
What are the prime factors of 393 + (-66)/15 + 8/20?
389
Let i(k) = 19*k + 2. Let x be i(2). Let z be (-3 - -1)/((-10)/x). Suppose 2*t - z - 12 = 0. List the prime factors of t.
2, 5
Let n(u) = 4*u**2 + 47*u + 24. Let s be n(-11). Let k(h) = -h**3 - 2*h**2 + h + 1. Let t be k(-3). Let d = t - s. List the prime factors of d.
2
Suppose 0 = -2*t + j + 1064, 5*t - 5*j - 835 = 1815. What are the prime factors of t?
2, 3, 89
Let m = -59 + 212. List the prime factors of m.
3, 17
Suppose 0 = l + 4*s - 2*s + 10, -5*l - 20 = 4*s. Let v be ((-3)/(-12))/(6/72). Suppose l = x - 4*f - 41, -v*f = -2*f - 3. List the prime factors of x.
53
Let r be -13 + 3/(-1) + 4. Let q = r - -28. What are the prime factors of 4/q + 204/16?
13
Let k be (-166)/(-8) + 6/(-8). Suppose 2*g - k + 0 = 0. Suppose -4*n = -110 - g. What are the prime factors of n?
2, 3, 5
Let j(a) = 12*a + 10. Let w be j(3). Suppose -w*c + 324 = -42*c. List the prime factors of c.
3
Suppose -5686 = -7*v + 6494. What are the prime factors of v?
2, 3, 5, 29
Let b = -159 - -70. Let o = -11 - b. List the prime factors of o.
2, 3, 13
Let p be (-18)/(-99) - (-312)/(-22). List the prime factors of ((-96)/14)/(p/98).
2, 3
Let u = 1799 + -988. List the prime factors of u.
811
Suppose 13*g = 17752 + 1514. What are the prime factors of g?
2, 3, 13, 19
Let r(k) = 3*k - 25. Let j be r(10). Suppose -v - 65 - 66 = -2*f, -j*f + v + 329 = 0. List the prime factors of f.
2, 3, 11
Let i(c) = c**3 + 6*c**2 - 6*c - 4. Let u be i(-7). Let j = -25 - -23. Let k = j - u. What are the prime factors of k?
3
Let y(k) = 7*k**2 - 18*k - 5. Let l(j) = j**2 - 1. Let c(o) = 6*l(o) - y(o). What are the prime factors of c(13)?
2
Let t be 3/(-1)*(4 + -3). Let l(p) = 23*p**2 + 5*p + 3. Let u be l(t). What are the prime factors of ((-2)/6)/((-5)/u)?
13
Let m be ((-6)/18)/((-1)/(-159)). Let k = m - -110. List the prime factors of k.
3, 19
Let n(c) = -c**2 + 8*c + 15. Let w be n(11). Let m = w + 26. List the prime factors of m.
2
Let l(p) = -6*p**3 - 1. Let c be l(-1). Suppose 2 - c = -h. Suppose -i + 84 = h*i. List the prime factors of i.
3, 7
Let r = -157 + 161. Suppose -400 = -r*n - 0*n. What are the prime factors of n?
2, 5
Let u(s) = -s + 6. Let x be 22/(-121) + (-4)/(-22). Suppose x*p - 15 = 3*p. What are the prime factors of u(p)?
11
Let a(m) = -208*m**3 + m**2 - 2*m. Let y be a(1). Let j = -107 - y. List the prime factors of j.
2, 3, 17
What are the prime factors of 565/(35 + -31 + (-14)/4)?
2, 5, 113
Suppose -6*o + 3*o = 33. Let u(p) = 4*p - 3. Let j(x) = -x + 1. Let m(t) = 5*j(t) + u(t). List the prime factors of m(o).
13
What are the prime factors of 5/(-25) + (9204/20 - 5)?
5, 7, 13
Let f = 16 - 16. Suppose f*l = 3*l - 36. Let i = l - -1. List the prime factors of i.
13
Suppose -c = 3*y - 0*y - 103, 0 = 3*y + 3*c - 105. Let u = y + -30. What are the prime factors of u?
2
Suppose -58*r - 55359 + 214743 = 0. List the prime factors of r.
2, 3, 229
Let g(n) = n**3 + 20*n**2 + 28*n - 34. List the prime factors of g(-15).
11, 61
Let v = 178 - 1. List the prime factors of v.
3, 59
Let j = 6 - 6. Let a be 15/(-6)*(-12)/10. Suppose 0*c - 2*c = b - 3, j = -a*c. What are the prime factors of b?
3
Let y be 1/(1/(-2)*(-6)/15). Suppose -b - 1 = 4*t - 181, -b - y*t + 183 = 0. List the prime factors of b.
2, 3, 7
Let s = -306 - -510. Let x = 43 + s. List the prime factors of x.
13, 19
Suppose 5*t + 2472 = 4*g, g + 8*t = 3*t + 643. Let m = g - 433. List the prime factors of m.
2, 5, 19
Suppose j = 4*w + 5*j - 4, -3*w - 5*j + 13 = 0. Let b be (3/9)/(w/(-768)). Suppose -4*r + b = 2*c, 3*c - 2*r - 113 - 15 = 0. List the prime factors of c.
2, 5
Suppose 0 = -2*z - 22 - 8. Let u = z - -47. List the prime factors of u + 1 - (-3)/1.
2, 3
Let h(i) be the third derivative of i**6/120 + i**5/5 - i**4/12 - 7*i**3/6 + 64*i**2. Suppose 0 = -2*t - 3*t - 60. List the prime factors of h(t).
17
Let s(b) = b**3 + 6*b**2 + 3. Let j be s(-6). Let u be (-10)/(-4) - j/(-6). Suppose 3*d = w - 6*w + 53, -2*w - u*d = -23. What are the prime factors of w?
2, 5
Suppose 0 = -d + 63 - 59. Let y(k) = -5*k**3 - k**2 + k + 15. Let m(u) = -3*u**3 + u + 8. Let t(n) = 7*m(n) - 4*y(n). List the prime factors of t(d).
2
Let f(v) = 4296*v**2 - 177*v + 178. What are the prime factors of f(1)